{"id":25164,"date":"2023-02-08T14:34:26","date_gmt":"2023-02-08T13:34:26","guid":{"rendered":"https:\/\/campinglesgalets.fr\/hebergement\/chalet-zenith-3-pers\/"},"modified":"2025-10-22T10:21:52","modified_gmt":"2025-10-22T09:21:52","slug":"chalet-zenith-3-4-pers","status":"publish","type":"hebergement","link":"https:\/\/campinglesgalets.fr\/es\/hebergement\/chalet-zenith-3-4-pers\/","title":{"rendered":"Chalet Z\u00e9nith 3\/4 pers."},"content":{"rendered":"<p>Construidos en madera tradicional, los <strong>chal\u00e9s ZENITH<\/strong> son un modelo compacto (22,5m2). Estos alojamientos r\u00fasticos est\u00e1n pensados para parejas o familias con 2 ni\u00f1os peque\u00f1os (menores de 10 a\u00f1os). Las parcelas de estos chal\u00e9s son amplias y muy agradables.<\/p>\n<p><strong>Equipamiento :<\/strong><\/p>\n<ul>\n<li style=\"font-weight: 400;\" aria-level=\"1\">Aire acondicionado<\/li>\n<li style=\"font-weight: 400;\" aria-level=\"1\"><span style=\"font-weight: 400;\">Plancha a Gas<\/span><\/li>\n<li style=\"font-weight: 400;\" aria-level=\"1\"><span style=\"font-weight: 400;\">TV<\/span><\/li>\n<li style=\"font-weight: 400;\" aria-level=\"1\">WIFI gratuito<\/li>\n<li style=\"font-weight: 400;\" aria-level=\"1\">Terraza cubierta con muebles de jard\u00edn<\/li>\n<\/ul>\n<p><strong>Dormitorios :<\/strong><\/p>\n<ul>\n<li style=\"font-weight: 400;\" aria-level=\"1\">Una habitaci\u00f3n doble\u00a0 con una cama de 140 cm<\/li>\n<li style=\"font-weight: 400;\" aria-level=\"1\">Otra habitaci\u00f3n con 2 camas individuales (literas) de 70 cm para ni\u00f1os de hasta 10 a\u00f1os<\/li>\n<\/ul>\n<p>No hay espacio para una cuna en las habitaciones<\/p>\n<p>Nota: se proporcionan protectores de colch\u00f3n, almohadas y edredones. Se proporcionan s\u00e1banas previa petici\u00f3n, con coste adicional.<\/p>\n<p><strong>Una cocina con comedor :\u00a0<\/strong><\/p>\n<ul>\n<li style=\"font-weight: 400;\" aria-level=\"1\">Vajilla completa para 6 personas<\/li>\n<li style=\"font-weight: 400;\" aria-level=\"1\">Frigor\u00edfico &#8211; congelador<\/li>\n<li style=\"font-weight: 400;\" aria-level=\"1\">Cafetera el\u00e9ctrica<\/li>\n<li style=\"font-weight: 400;\" aria-level=\"1\">Microondas<\/li>\n<\/ul>\n<p>Para su bienestar y comodidad, un cuarto de ba\u00f1o con ducha, lavabo e inodoro (no separados).<\/p>\n<p>Las fotos no son contractuales, los chalets pueden diferir en cuanto a decoraci\u00f3n, mobiliario&#8230;<\/p>\n","protected":false},"featured_media":29522,"template":"","cathebergement":[101],"class_list":["post-25164","hebergement","type-hebergement","status-publish","has-post-thumbnail","hentry","cathebergement-chalets-es"],"acf":[],"yoast_head":"<!-- This site is optimized with the Yoast SEO plugin v27.5 - https:\/\/yoast.com\/product\/yoast-seo-wordpress\/ -->\n<title>Alquiler de chalet Zenith para 4 personas desde 51 euros<\/title>\n<meta name=\"description\" content=\"R\u00e9servez votre chalet \u00e0 partir de 51\u20ac la nuit et passer des vacances tout confort inoubliables au camping Les Galets \u00e0 Argel\u00e8s !\" \/>\n<meta name=\"robots\" content=\"index, follow, max-snippet:-1, max-image-preview:large, max-video-preview:-1\" \/>\n<link rel=\"canonical\" href=\"https:\/\/campinglesgalets.fr\/es\/hebergement\/chalet-zenith-3-4-pers\/\" \/>\n<meta property=\"og:locale\" content=\"es_ES\" \/>\n<meta property=\"og:type\" content=\"article\" \/>\n<meta property=\"og:title\" content=\"Alquiler de chalet Zenith para 4 personas desde 51 euros\" \/>\n<meta property=\"og:description\" content=\"R\u00e9servez votre chalet \u00e0 partir de 51\u20ac la nuit et passer des vacances tout confort inoubliables au camping Les Galets \u00e0 Argel\u00e8s !\" \/>\n<meta property=\"og:url\" content=\"https:\/\/campinglesgalets.fr\/es\/hebergement\/chalet-zenith-3-4-pers\/\" \/>\n<meta property=\"og:site_name\" content=\"Camping les galets\" \/>\n<meta property=\"article:modified_time\" content=\"2025-10-22T09:21:52+00:00\" \/>\n<meta property=\"og:image\" content=\"https:\/\/campinglesgalets.fr\/wp-content\/uploads\/2023\/02\/chalet_zenith_exterieur_banniere-1024x378.webp\" \/>\n<meta name=\"twitter:card\" content=\"summary_large_image\" \/>\n<meta name=\"twitter:image\" content=\"https:\/\/campinglesgalets.fr\/wp-content\/uploads\/2023\/02\/chalet_zenith_exterieur_banniere-1024x378.webp\" \/>\n<meta name=\"twitter:label1\" content=\"Tiempo de lectura\" \/>\n\t<meta name=\"twitter:data1\" content=\"3 minutos\" \/>\n<script type=\"application\/ld+json\" class=\"yoast-schema-graph\">{\"@context\":\"https:\\\/\\\/schema.org\",\"@graph\":[{\"@type\":\"WebPage\",\"@id\":\"https:\\\/\\\/campinglesgalets.fr\\\/es\\\/hebergement\\\/chalet-zenith-3-4-pers\\\/\",\"url\":\"https:\\\/\\\/campinglesgalets.fr\\\/es\\\/hebergement\\\/chalet-zenith-3-4-pers\\\/\",\"name\":\"Alquiler de chalet Zenith para 4 personas desde 51 euros\",\"isPartOf\":{\"@id\":\"https:\\\/\\\/campinglesgalets.fr\\\/es\\\/#website\"},\"primaryImageOfPage\":{\"@id\":\"https:\\\/\\\/campinglesgalets.fr\\\/es\\\/hebergement\\\/chalet-zenith-3-4-pers\\\/#primaryimage\"},\"image\":{\"@id\":\"https:\\\/\\\/campinglesgalets.fr\\\/es\\\/hebergement\\\/chalet-zenith-3-4-pers\\\/#primaryimage\"},\"thumbnailUrl\":\"https:\\\/\\\/campinglesgalets.fr\\\/wp-content\\\/uploads\\\/2023\\\/02\\\/chalet_zenith_exterieur_banniere.webp\",\"datePublished\":\"2023-02-08T13:34:26+00:00\",\"dateModified\":\"2025-10-22T09:21:52+00:00\",\"description\":\"R\u00e9servez votre chalet \u00e0 partir de 51\u20ac la nuit et passer des vacances tout confort inoubliables au camping Les Galets \u00e0 Argel\u00e8s !\",\"breadcrumb\":{\"@id\":\"https:\\\/\\\/campinglesgalets.fr\\\/es\\\/hebergement\\\/chalet-zenith-3-4-pers\\\/#breadcrumb\"},\"inLanguage\":\"es\",\"potentialAction\":[{\"@type\":\"ReadAction\",\"target\":[\"https:\\\/\\\/campinglesgalets.fr\\\/es\\\/hebergement\\\/chalet-zenith-3-4-pers\\\/\"]}]},{\"@type\":\"ImageObject\",\"inLanguage\":\"es\",\"@id\":\"https:\\\/\\\/campinglesgalets.fr\\\/es\\\/hebergement\\\/chalet-zenith-3-4-pers\\\/#primaryimage\",\"url\":\"https:\\\/\\\/campinglesgalets.fr\\\/wp-content\\\/uploads\\\/2023\\\/02\\\/chalet_zenith_exterieur_banniere.webp\",\"contentUrl\":\"https:\\\/\\\/campinglesgalets.fr\\\/wp-content\\\/uploads\\\/2023\\\/02\\\/chalet_zenith_exterieur_banniere.webp\",\"width\":1200,\"height\":443,\"caption\":\"chalet zenith exterieur banniere\"},{\"@type\":\"BreadcrumbList\",\"@id\":\"https:\\\/\\\/campinglesgalets.fr\\\/es\\\/hebergement\\\/chalet-zenith-3-4-pers\\\/#breadcrumb\",\"itemListElement\":[{\"@type\":\"ListItem\",\"position\":1,\"name\":\"Camping \u00e0 Argel\u00e8s-sur-Mer\",\"item\":\"https:\\\/\\\/campinglesgalets.fr\\\/es\\\/\"},{\"@type\":\"ListItem\",\"position\":2,\"name\":\"Chalets\",\"item\":\"https:\\\/\\\/campinglesgalets.fr\\\/es\\\/cathebergement\\\/chalets-es\\\/\"},{\"@type\":\"ListItem\",\"position\":3,\"name\":\"Chalet Z\u00e9nith 3\\\/4 pers.\"}]},{\"@type\":\"WebSite\",\"@id\":\"https:\\\/\\\/campinglesgalets.fr\\\/es\\\/#website\",\"url\":\"https:\\\/\\\/campinglesgalets.fr\\\/es\\\/\",\"name\":\"Camping les galets\",\"description\":\"Camping Argel\u00e8s sur Mer\",\"publisher\":{\"@id\":\"https:\\\/\\\/campinglesgalets.fr\\\/es\\\/#organization\"},\"potentialAction\":[{\"@type\":\"SearchAction\",\"target\":{\"@type\":\"EntryPoint\",\"urlTemplate\":\"https:\\\/\\\/campinglesgalets.fr\\\/es\\\/?s={search_term_string}\"},\"query-input\":{\"@type\":\"PropertyValueSpecification\",\"valueRequired\":true,\"valueName\":\"search_term_string\"}}],\"inLanguage\":\"es\"},{\"@type\":\"Organization\",\"@id\":\"https:\\\/\\\/campinglesgalets.fr\\\/es\\\/#organization\",\"name\":\"Camping les Galets\",\"url\":\"https:\\\/\\\/campinglesgalets.fr\\\/es\\\/\",\"logo\":{\"@type\":\"ImageObject\",\"inLanguage\":\"es\",\"@id\":\"https:\\\/\\\/campinglesgalets.fr\\\/es\\\/#\\\/schema\\\/logo\\\/image\\\/\",\"url\":\"https:\\\/\\\/campinglesgalets.fr\\\/wp-content\\\/uploads\\\/2025\\\/10\\\/Logo_Footer.svg\",\"contentUrl\":\"https:\\\/\\\/campinglesgalets.fr\\\/wp-content\\\/uploads\\\/2025\\\/10\\\/Logo_Footer.svg\",\"width\":267,\"height\":175,\"caption\":\"Camping les Galets\"},\"image\":{\"@id\":\"https:\\\/\\\/campinglesgalets.fr\\\/es\\\/#\\\/schema\\\/logo\\\/image\\\/\"}}]}<\/script>\n<!-- \/ Yoast SEO plugin. -->","yoast_head_json":{"title":"Alquiler de chalet Zenith para 4 personas desde 51 euros","description":"R\u00e9servez votre chalet \u00e0 partir de 51\u20ac la nuit et passer des vacances tout confort inoubliables au camping Les Galets \u00e0 Argel\u00e8s !","robots":{"index":"index","follow":"follow","max-snippet":"max-snippet:-1","max-image-preview":"max-image-preview:large","max-video-preview":"max-video-preview:-1"},"canonical":"https:\/\/campinglesgalets.fr\/es\/hebergement\/chalet-zenith-3-4-pers\/","og_locale":"es_ES","og_type":"article","og_title":"Alquiler de chalet Zenith para 4 personas desde 51 euros","og_description":"R\u00e9servez votre chalet \u00e0 partir de 51\u20ac la nuit et passer des vacances tout confort inoubliables au camping Les Galets \u00e0 Argel\u00e8s !","og_url":"https:\/\/campinglesgalets.fr\/es\/hebergement\/chalet-zenith-3-4-pers\/","og_site_name":"Camping les galets","article_modified_time":"2025-10-22T09:21:52+00:00","og_image":[{"url":"https:\/\/campinglesgalets.fr\/wp-content\/uploads\/2023\/02\/chalet_zenith_exterieur_banniere-1024x378.webp","type":"","width":"","height":""}],"twitter_card":"summary_large_image","twitter_image":"https:\/\/campinglesgalets.fr\/wp-content\/uploads\/2023\/02\/chalet_zenith_exterieur_banniere-1024x378.webp","twitter_misc":{"Tiempo de lectura":"3 minutos"},"schema":{"@context":"https:\/\/schema.org","@graph":[{"@type":"WebPage","@id":"https:\/\/campinglesgalets.fr\/es\/hebergement\/chalet-zenith-3-4-pers\/","url":"https:\/\/campinglesgalets.fr\/es\/hebergement\/chalet-zenith-3-4-pers\/","name":"Alquiler de chalet Zenith para 4 personas desde 51 euros","isPartOf":{"@id":"https:\/\/campinglesgalets.fr\/es\/#website"},"primaryImageOfPage":{"@id":"https:\/\/campinglesgalets.fr\/es\/hebergement\/chalet-zenith-3-4-pers\/#primaryimage"},"image":{"@id":"https:\/\/campinglesgalets.fr\/es\/hebergement\/chalet-zenith-3-4-pers\/#primaryimage"},"thumbnailUrl":"https:\/\/campinglesgalets.fr\/wp-content\/uploads\/2023\/02\/chalet_zenith_exterieur_banniere.webp","datePublished":"2023-02-08T13:34:26+00:00","dateModified":"2025-10-22T09:21:52+00:00","description":"R\u00e9servez votre chalet \u00e0 partir de 51\u20ac la nuit et passer des vacances tout confort inoubliables au camping Les Galets \u00e0 Argel\u00e8s !","breadcrumb":{"@id":"https:\/\/campinglesgalets.fr\/es\/hebergement\/chalet-zenith-3-4-pers\/#breadcrumb"},"inLanguage":"es","potentialAction":[{"@type":"ReadAction","target":["https:\/\/campinglesgalets.fr\/es\/hebergement\/chalet-zenith-3-4-pers\/"]}]},{"@type":"ImageObject","inLanguage":"es","@id":"https:\/\/campinglesgalets.fr\/es\/hebergement\/chalet-zenith-3-4-pers\/#primaryimage","url":"https:\/\/campinglesgalets.fr\/wp-content\/uploads\/2023\/02\/chalet_zenith_exterieur_banniere.webp","contentUrl":"https:\/\/campinglesgalets.fr\/wp-content\/uploads\/2023\/02\/chalet_zenith_exterieur_banniere.webp","width":1200,"height":443,"caption":"chalet zenith exterieur banniere"},{"@type":"BreadcrumbList","@id":"https:\/\/campinglesgalets.fr\/es\/hebergement\/chalet-zenith-3-4-pers\/#breadcrumb","itemListElement":[{"@type":"ListItem","position":1,"name":"Camping \u00e0 Argel\u00e8s-sur-Mer","item":"https:\/\/campinglesgalets.fr\/es\/"},{"@type":"ListItem","position":2,"name":"Chalets","item":"https:\/\/campinglesgalets.fr\/es\/cathebergement\/chalets-es\/"},{"@type":"ListItem","position":3,"name":"Chalet Z\u00e9nith 3\/4 pers."}]},{"@type":"WebSite","@id":"https:\/\/campinglesgalets.fr\/es\/#website","url":"https:\/\/campinglesgalets.fr\/es\/","name":"Camping les galets","description":"Camping Argel\u00e8s sur Mer","publisher":{"@id":"https:\/\/campinglesgalets.fr\/es\/#organization"},"potentialAction":[{"@type":"SearchAction","target":{"@type":"EntryPoint","urlTemplate":"https:\/\/campinglesgalets.fr\/es\/?s={search_term_string}"},"query-input":{"@type":"PropertyValueSpecification","valueRequired":true,"valueName":"search_term_string"}}],"inLanguage":"es"},{"@type":"Organization","@id":"https:\/\/campinglesgalets.fr\/es\/#organization","name":"Camping les Galets","url":"https:\/\/campinglesgalets.fr\/es\/","logo":{"@type":"ImageObject","inLanguage":"es","@id":"https:\/\/campinglesgalets.fr\/es\/#\/schema\/logo\/image\/","url":"https:\/\/campinglesgalets.fr\/wp-content\/uploads\/2025\/10\/Logo_Footer.svg","contentUrl":"https:\/\/campinglesgalets.fr\/wp-content\/uploads\/2025\/10\/Logo_Footer.svg","width":267,"height":175,"caption":"Camping les Galets"},"image":{"@id":"https:\/\/campinglesgalets.fr\/es\/#\/schema\/logo\/image\/"}}]}},"_links":{"self":[{"href":"https:\/\/campinglesgalets.fr\/es\/wp-json\/wp\/v2\/hebergement\/25164","targetHints":{"allow":["GET"]}}],"collection":[{"href":"https:\/\/campinglesgalets.fr\/es\/wp-json\/wp\/v2\/hebergement"}],"about":[{"href":"https:\/\/campinglesgalets.fr\/es\/wp-json\/wp\/v2\/types\/hebergement"}],"wp:featuredmedia":[{"embeddable":true,"href":"https:\/\/campinglesgalets.fr\/es\/wp-json\/wp\/v2\/media\/29522"}],"wp:attachment":[{"href":"https:\/\/campinglesgalets.fr\/es\/wp-json\/wp\/v2\/media?parent=25164"}],"wp:term":[{"taxonomy":"cathebergement","embeddable":true,"href":"https:\/\/campinglesgalets.fr\/es\/wp-json\/wp\/v2\/cathebergement?post=25164"}],"curies":[{"name":"wp","href":"https:\/\/api.w.org\/{rel}","templated":true}]}}

Chalet Zénith 3/4 pers.

<p>Construidos en madera tradicional, los <strong>chalés ZENITH</strong> son un modelo compacto (22,5m2). Estos alojamientos rústicos están pensados para parejas o familias con 2 niños pequeños (menores de 10 años). Las parcelas de estos chalés son amplias y muy agradables.</p>
<p><strong>Equipamiento :</strong></p>
<ul>
<li style="font-weight: 400;" aria-level="1">Aire acondicionado</li>
<li style="font-weight: 400;" aria-level="1"><span style="font-weight: 400;">Plancha a Gas</span></li>
<li style="font-weight: 400;" aria-level="1"><span style="font-weight: 400;">TV</span></li>
<li style="font-weight: 400;" aria-level="1">WIFI gratuito</li>
<li style="font-weight: 400;" aria-level="1">Terraza cubierta con muebles de jardín</li>
</ul>
<p><strong>Dormitorios :</strong></p>
<ul>
<li style="font-weight: 400;" aria-level="1">Una habitación doble  con una cama de 140 cm</li>
<li style="font-weight: 400;" aria-level="1">Otra habitación con 2 camas individuales (literas) de 70 cm para niños de hasta 10 años</li>
</ul>
<p>No hay espacio para una cuna en las habitaciones</p>
<p>Nota: se proporcionan protectores de colchón, almohadas y edredones. Se proporcionan sábanas previa petición, con coste adicional.</p>
<p><strong>Una cocina con comedor : </strong></p>
<ul>
<li style="font-weight: 400;" aria-level="1">Vajilla completa para 6 personas</li>
<li style="font-weight: 400;" aria-level="1">Frigorífico &#8211; congelador</li>
<li style="font-weight: 400;" aria-level="1">Cafetera eléctrica</li>
<li style="font-weight: 400;" aria-level="1">Microondas</li>
</ul>
<p>Para su bienestar y comodidad, un cuarto de baño con ducha, lavabo e inodoro (no separados).</p>
<p>Las fotos no son contractuales, los chalets pueden diferir en cuanto a decoración, mobiliario&#8230;</p>

<!-- This site is optimized with the Yoast SEO plugin v27.5 - https://yoast.com/product/yoast-seo-wordpress/ -->
<title>Alquiler de chalet Zenith para 4 personas desde 51 euros</title>
<meta name="description" content="Réservez votre chalet à partir de 51€ la nuit et passer des vacances tout confort inoubliables au camping Les Galets à Argelès !" />
<meta name="robots" content="index, follow, max-snippet:-1, max-image-preview:large, max-video-preview:-1" />
<link rel="canonical" href="https://campinglesgalets.fr/es/hebergement/chalet-zenith-3-4-pers/" />
<meta property="og:locale" content="es_ES" />
<meta property="og:type" content="article" />
<meta property="og:title" content="Alquiler de chalet Zenith para 4 personas desde 51 euros" />
<meta property="og:description" content="Réservez votre chalet à partir de 51€ la nuit et passer des vacances tout confort inoubliables au camping Les Galets à Argelès !" />
<meta property="og:url" content="https://campinglesgalets.fr/es/hebergement/chalet-zenith-3-4-pers/" />
<meta property="og:site_name" content="Camping les galets" />
<meta property="article:modified_time" content="2025-10-22T09:21:52+00:00" />
<meta property="og:image" content="https://campinglesgalets.fr/wp-content/uploads/2023/02/chalet_zenith_exterieur_banniere-1024x378.webp" />
<meta name="twitter:card" content="summary_large_image" />
<meta name="twitter:image" content="https://campinglesgalets.fr/wp-content/uploads/2023/02/chalet_zenith_exterieur_banniere-1024x378.webp" />
<meta name="twitter:label1" content="Tiempo de lectura" />
	<meta name="twitter:data1" content="3 minutos" />
<script type="application/ld+json" class="yoast-schema-graph">{"@context":"https:\/\/schema.org","@graph":[{"@type":"WebPage","@id":"https:\/\/campinglesgalets.fr\/es\/hebergement\/chalet-zenith-3-4-pers\/","url":"https:\/\/campinglesgalets.fr\/es\/hebergement\/chalet-zenith-3-4-pers\/","name":"Alquiler de chalet Zenith para 4 personas desde 51 euros","isPartOf":{"@id":"https:\/\/campinglesgalets.fr\/es\/#website"},"primaryImageOfPage":{"@id":"https:\/\/campinglesgalets.fr\/es\/hebergement\/chalet-zenith-3-4-pers\/#primaryimage"},"image":{"@id":"https:\/\/campinglesgalets.fr\/es\/hebergement\/chalet-zenith-3-4-pers\/#primaryimage"},"thumbnailUrl":"https:\/\/campinglesgalets.fr\/wp-content\/uploads\/2023\/02\/chalet_zenith_exterieur_banniere.webp","datePublished":"2023-02-08T13:34:26+00:00","dateModified":"2025-10-22T09:21:52+00:00","description":"Réservez votre chalet à partir de 51€ la nuit et passer des vacances tout confort inoubliables au camping Les Galets à Argelès !","breadcrumb":{"@id":"https:\/\/campinglesgalets.fr\/es\/hebergement\/chalet-zenith-3-4-pers\/#breadcrumb"},"inLanguage":"es","potentialAction":[{"@type":"ReadAction","target":["https:\/\/campinglesgalets.fr\/es\/hebergement\/chalet-zenith-3-4-pers\/"]}]},{"@type":"ImageObject","inLanguage":"es","@id":"https:\/\/campinglesgalets.fr\/es\/hebergement\/chalet-zenith-3-4-pers\/#primaryimage","url":"https:\/\/campinglesgalets.fr\/wp-content\/uploads\/2023\/02\/chalet_zenith_exterieur_banniere.webp","contentUrl":"https:\/\/campinglesgalets.fr\/wp-content\/uploads\/2023\/02\/chalet_zenith_exterieur_banniere.webp","width":1200,"height":443,"caption":"chalet zenith exterieur banniere"},{"@type":"BreadcrumbList","@id":"https:\/\/campinglesgalets.fr\/es\/hebergement\/chalet-zenith-3-4-pers\/#breadcrumb","itemListElement":[{"@type":"ListItem","position":1,"name":"Camping à Argelès-sur-Mer","item":"https:\/\/campinglesgalets.fr\/es\/"},{"@type":"ListItem","position":2,"name":"Chalets","item":"https:\/\/campinglesgalets.fr\/es\/cathebergement\/chalets-es\/"},{"@type":"ListItem","position":3,"name":"Chalet Zénith 3\/4 pers."}]},{"@type":"WebSite","@id":"https:\/\/campinglesgalets.fr\/es\/#website","url":"https:\/\/campinglesgalets.fr\/es\/","name":"Camping les galets","description":"Camping Argelès sur Mer","publisher":{"@id":"https:\/\/campinglesgalets.fr\/es\/#organization"},"potentialAction":[{"@type":"SearchAction","target":{"@type":"EntryPoint","urlTemplate":"https:\/\/campinglesgalets.fr\/es\/?s={search_term_string}"},"query-input":{"@type":"PropertyValueSpecification","valueRequired":true,"valueName":"search_term_string"}}],"inLanguage":"es"},{"@type":"Organization","@id":"https:\/\/campinglesgalets.fr\/es\/#organization","name":"Camping les Galets","url":"https:\/\/campinglesgalets.fr\/es\/","logo":{"@type":"ImageObject","inLanguage":"es","@id":"https:\/\/campinglesgalets.fr\/es\/#\/schema\/logo\/image\/","url":"https:\/\/campinglesgalets.fr\/wp-content\/uploads\/2025\/10\/Logo_Footer.svg","contentUrl":"https:\/\/campinglesgalets.fr\/wp-content\/uploads\/2025\/10\/Logo_Footer.svg","width":267,"height":175,"caption":"Camping les Galets"},"image":{"@id":"https:\/\/campinglesgalets.fr\/es\/#\/schema\/logo\/image\/"}}]}</script>
<!-- / Yoast SEO plugin. -->

Réservez votre chalet à partir de 51€ la nuit et passer des vacances tout confort inoubliables au camping Les Galets à Argelès !

Camping à Argelès-sur-Mer

Camping Argelès sur Mer
