{"id":25191,"date":"2025-02-08T16:13:02","date_gmt":"2025-02-08T15:13:02","guid":{"rendered":"https:\/\/campinglesgalets.fr\/hebergement\/mobilhome-cosy-2-chambres-4-6-pers\/"},"modified":"2025-10-22T10:07:54","modified_gmt":"2025-10-22T09:07:54","slug":"8371","status":"publish","type":"hebergement","link":"https:\/\/campinglesgalets.fr\/ca\/hebergement\/8371\/","title":{"rendered":"M\u00f2bil-home COSY 2 habitacions 4\/6 pers. (27m\u00b2)"},"content":{"rendered":"<p>El\u00a0<strong>\u00a0M\u00f2bil-home Cosy \u00e9s molt adequat per a una fam\u00edlia de 4\/6 persones. Disposa d&#8217;una habitaci\u00f3 amb un llit doble i un llit doble i un sof\u00e0 llit de 120. Un dels avantatges principals \u00e9s el llit doble, que \u00e9s molt ampli, un gran armari i possiblement un bressol al seu costat.<\/strong><\/p>\n<p><strong>Consta:<\/strong><\/p>\n<ul>\n<li><strong>Una habitaci\u00f3 amb un llit de 140 cm,\u00a0una habitaci\u00f3 amb\u00a0\u00a02 llits individuals de 80cm i un sof\u00e0 llit convertible de 120 cm.<\/strong><\/li>\n<li><strong>Un rac\u00f3 sal\u00f3 (amb el sof\u00e0 llit)<\/strong><\/li>\n<li><strong>Un bany equipat d\u2019una dutxa i d\u2019un lavabo. WC separat.<\/strong><\/li>\n<li><strong>Una cuina equipada amb\u00a0 menjador : vaixella completa per 6 persones, nevera-congelador, cafetera el\u00e8ctrica, microones, televisi\u00f3.<\/strong><\/li>\n<\/ul>\n<p><strong>Els llen\u00e7ols de protecci\u00f3 dels matalassos, els coixins i les mantes s\u00f3n fornits. La roba de llit \u00e9s disponible sobre demanda amb suplement.<\/strong><\/p>\n<p><strong>A l\u2019exterior gaudireu d\u2019una terrassa de fusta i del seu sal\u00f3 de jard\u00ed.<\/strong><\/p>\n<p><strong>WIFI gratu\u00efta!<\/strong><\/p>\n<p><strong><u>TV en tots els allotjaments!<\/u><\/strong><\/p>\n<p>&nbsp;<\/p>\n","protected":false},"featured_media":22839,"template":"","cathebergement":[108],"class_list":["post-25191","hebergement","type-hebergement","status-publish","has-post-thumbnail","hentry","cathebergement-mobile-home"],"acf":[],"yoast_head":"<!-- This site is optimized with the Yoast SEO plugin v27.5 - https:\/\/yoast.com\/product\/yoast-seo-wordpress\/ -->\n<title>Lloguer mobil-home a Argelers al c\u00e0mping Les Galets<\/title>\n<meta name=\"description\" content=\"Reserva el teu mobil-home al c\u00e0mping Les Galets d\u2019Argelers i gaudeix d\u2019una estada c\u00f2moda i relaxant molt a prop de la platja mediterr\u00e0nia.\" \/>\n<meta name=\"robots\" content=\"index, follow, max-snippet:-1, max-image-preview:large, max-video-preview:-1\" \/>\n<link rel=\"canonical\" href=\"https:\/\/campinglesgalets.fr\/ca\/hebergement\/8371\/\" \/>\n<meta property=\"og:locale\" content=\"ca_ES\" \/>\n<meta property=\"og:type\" content=\"article\" \/>\n<meta property=\"og:title\" content=\"Lloguer mobil-home a Argelers al c\u00e0mping Les Galets\" \/>\n<meta property=\"og:description\" content=\"Reserva el teu mobil-home al c\u00e0mping Les Galets d\u2019Argelers i gaudeix d\u2019una estada c\u00f2moda i relaxant molt a prop de la platja mediterr\u00e0nia.\" \/>\n<meta property=\"og:url\" content=\"https:\/\/campinglesgalets.fr\/ca\/hebergement\/8371\/\" \/>\n<meta property=\"og:site_name\" content=\"Camping les galets\" \/>\n<meta property=\"article:modified_time\" content=\"2025-10-22T09:07:54+00:00\" \/>\n<meta property=\"og:image\" content=\"https:\/\/campinglesgalets.fr\/wp-content\/uploads\/2023\/02\/mobil-home_cosy_terrasse-1024x684-1.jpg\" \/>\n<meta name=\"twitter:card\" content=\"summary_large_image\" \/>\n<meta name=\"twitter:image\" content=\"https:\/\/campinglesgalets.fr\/wp-content\/uploads\/2023\/02\/mobil-home_cosy_terrasse-1024x684-1.jpg\" \/>\n<meta name=\"twitter:label1\" content=\"Temps estimat de lectura\" \/>\n\t<meta name=\"twitter:data1\" content=\"4 minuts\" \/>\n<script type=\"application\/ld+json\" class=\"yoast-schema-graph\">{\"@context\":\"https:\\\/\\\/schema.org\",\"@graph\":[{\"@type\":\"WebPage\",\"@id\":\"https:\\\/\\\/campinglesgalets.fr\\\/ca\\\/hebergement\\\/8371\\\/\",\"url\":\"https:\\\/\\\/campinglesgalets.fr\\\/ca\\\/hebergement\\\/8371\\\/\",\"name\":\"Lloguer mobil-home a Argelers al c\u00e0mping Les Galets\",\"isPartOf\":{\"@id\":\"https:\\\/\\\/campinglesgalets.fr\\\/ca\\\/#website\"},\"primaryImageOfPage\":{\"@id\":\"https:\\\/\\\/campinglesgalets.fr\\\/ca\\\/hebergement\\\/8371\\\/#primaryimage\"},\"image\":{\"@id\":\"https:\\\/\\\/campinglesgalets.fr\\\/ca\\\/hebergement\\\/8371\\\/#primaryimage\"},\"thumbnailUrl\":\"https:\\\/\\\/campinglesgalets.fr\\\/wp-content\\\/uploads\\\/2023\\\/02\\\/mobil-home_cosy_terrasse-1024x684-1.jpg\",\"datePublished\":\"2025-02-08T15:13:02+00:00\",\"dateModified\":\"2025-10-22T09:07:54+00:00\",\"description\":\"Reserva el teu mobil-home al c\u00e0mping Les Galets d\u2019Argelers i gaudeix d\u2019una estada c\u00f2moda i relaxant molt a prop de la platja mediterr\u00e0nia.\",\"breadcrumb\":{\"@id\":\"https:\\\/\\\/campinglesgalets.fr\\\/ca\\\/hebergement\\\/8371\\\/#breadcrumb\"},\"inLanguage\":\"ca\",\"potentialAction\":[{\"@type\":\"ReadAction\",\"target\":[\"https:\\\/\\\/campinglesgalets.fr\\\/ca\\\/hebergement\\\/8371\\\/\"]}]},{\"@type\":\"ImageObject\",\"inLanguage\":\"ca\",\"@id\":\"https:\\\/\\\/campinglesgalets.fr\\\/ca\\\/hebergement\\\/8371\\\/#primaryimage\",\"url\":\"https:\\\/\\\/campinglesgalets.fr\\\/wp-content\\\/uploads\\\/2023\\\/02\\\/mobil-home_cosy_terrasse-1024x684-1.jpg\",\"contentUrl\":\"https:\\\/\\\/campinglesgalets.fr\\\/wp-content\\\/uploads\\\/2023\\\/02\\\/mobil-home_cosy_terrasse-1024x684-1.jpg\",\"width\":1024,\"height\":684},{\"@type\":\"BreadcrumbList\",\"@id\":\"https:\\\/\\\/campinglesgalets.fr\\\/ca\\\/hebergement\\\/8371\\\/#breadcrumb\",\"itemListElement\":[{\"@type\":\"ListItem\",\"position\":1,\"name\":\"Camping \u00e0 Argel\u00e8s-sur-Mer\",\"item\":\"https:\\\/\\\/campinglesgalets.fr\\\/ca\\\/\"},{\"@type\":\"ListItem\",\"position\":2,\"name\":\"M\u00f2bil Home\",\"item\":\"https:\\\/\\\/campinglesgalets.fr\\\/ca\\\/cathebergement\\\/mobile-home\\\/\"},{\"@type\":\"ListItem\",\"position\":3,\"name\":\"M\u00f2bil-home COSY 2 habitacions 4\\\/6 pers. (27m\u00b2)\"}]},{\"@type\":\"WebSite\",\"@id\":\"https:\\\/\\\/campinglesgalets.fr\\\/ca\\\/#website\",\"url\":\"https:\\\/\\\/campinglesgalets.fr\\\/ca\\\/\",\"name\":\"Camping les galets\",\"description\":\"Camping Argel\u00e8s-sur-Mer\",\"publisher\":{\"@id\":\"https:\\\/\\\/campinglesgalets.fr\\\/ca\\\/#organization\"},\"potentialAction\":[{\"@type\":\"SearchAction\",\"target\":{\"@type\":\"EntryPoint\",\"urlTemplate\":\"https:\\\/\\\/campinglesgalets.fr\\\/ca\\\/?s={search_term_string}\"},\"query-input\":{\"@type\":\"PropertyValueSpecification\",\"valueRequired\":true,\"valueName\":\"search_term_string\"}}],\"inLanguage\":\"ca\"},{\"@type\":\"Organization\",\"@id\":\"https:\\\/\\\/campinglesgalets.fr\\\/ca\\\/#organization\",\"name\":\"Camping les Galets\",\"url\":\"https:\\\/\\\/campinglesgalets.fr\\\/ca\\\/\",\"logo\":{\"@type\":\"ImageObject\",\"inLanguage\":\"ca\",\"@id\":\"https:\\\/\\\/campinglesgalets.fr\\\/ca\\\/#\\\/schema\\\/logo\\\/image\\\/\",\"url\":\"https:\\\/\\\/campinglesgalets.fr\\\/wp-content\\\/uploads\\\/2025\\\/10\\\/Logo_Footer.svg\",\"contentUrl\":\"https:\\\/\\\/campinglesgalets.fr\\\/wp-content\\\/uploads\\\/2025\\\/10\\\/Logo_Footer.svg\",\"width\":267,\"height\":175,\"caption\":\"Camping les Galets\"},\"image\":{\"@id\":\"https:\\\/\\\/campinglesgalets.fr\\\/ca\\\/#\\\/schema\\\/logo\\\/image\\\/\"}}]}<\/script>\n<!-- \/ Yoast SEO plugin. -->","yoast_head_json":{"title":"Lloguer mobil-home a Argelers al c\u00e0mping Les Galets","description":"Reserva el teu mobil-home al c\u00e0mping Les Galets d\u2019Argelers i gaudeix d\u2019una estada c\u00f2moda i relaxant molt a prop de la platja mediterr\u00e0nia.","robots":{"index":"index","follow":"follow","max-snippet":"max-snippet:-1","max-image-preview":"max-image-preview:large","max-video-preview":"max-video-preview:-1"},"canonical":"https:\/\/campinglesgalets.fr\/ca\/hebergement\/8371\/","og_locale":"ca_ES","og_type":"article","og_title":"Lloguer mobil-home a Argelers al c\u00e0mping Les Galets","og_description":"Reserva el teu mobil-home al c\u00e0mping Les Galets d\u2019Argelers i gaudeix d\u2019una estada c\u00f2moda i relaxant molt a prop de la platja mediterr\u00e0nia.","og_url":"https:\/\/campinglesgalets.fr\/ca\/hebergement\/8371\/","og_site_name":"Camping les galets","article_modified_time":"2025-10-22T09:07:54+00:00","og_image":[{"url":"https:\/\/campinglesgalets.fr\/wp-content\/uploads\/2023\/02\/mobil-home_cosy_terrasse-1024x684-1.jpg","type":"","width":"","height":""}],"twitter_card":"summary_large_image","twitter_image":"https:\/\/campinglesgalets.fr\/wp-content\/uploads\/2023\/02\/mobil-home_cosy_terrasse-1024x684-1.jpg","twitter_misc":{"Temps estimat de lectura":"4 minuts"},"schema":{"@context":"https:\/\/schema.org","@graph":[{"@type":"WebPage","@id":"https:\/\/campinglesgalets.fr\/ca\/hebergement\/8371\/","url":"https:\/\/campinglesgalets.fr\/ca\/hebergement\/8371\/","name":"Lloguer mobil-home a Argelers al c\u00e0mping Les Galets","isPartOf":{"@id":"https:\/\/campinglesgalets.fr\/ca\/#website"},"primaryImageOfPage":{"@id":"https:\/\/campinglesgalets.fr\/ca\/hebergement\/8371\/#primaryimage"},"image":{"@id":"https:\/\/campinglesgalets.fr\/ca\/hebergement\/8371\/#primaryimage"},"thumbnailUrl":"https:\/\/campinglesgalets.fr\/wp-content\/uploads\/2023\/02\/mobil-home_cosy_terrasse-1024x684-1.jpg","datePublished":"2025-02-08T15:13:02+00:00","dateModified":"2025-10-22T09:07:54+00:00","description":"Reserva el teu mobil-home al c\u00e0mping Les Galets d\u2019Argelers i gaudeix d\u2019una estada c\u00f2moda i relaxant molt a prop de la platja mediterr\u00e0nia.","breadcrumb":{"@id":"https:\/\/campinglesgalets.fr\/ca\/hebergement\/8371\/#breadcrumb"},"inLanguage":"ca","potentialAction":[{"@type":"ReadAction","target":["https:\/\/campinglesgalets.fr\/ca\/hebergement\/8371\/"]}]},{"@type":"ImageObject","inLanguage":"ca","@id":"https:\/\/campinglesgalets.fr\/ca\/hebergement\/8371\/#primaryimage","url":"https:\/\/campinglesgalets.fr\/wp-content\/uploads\/2023\/02\/mobil-home_cosy_terrasse-1024x684-1.jpg","contentUrl":"https:\/\/campinglesgalets.fr\/wp-content\/uploads\/2023\/02\/mobil-home_cosy_terrasse-1024x684-1.jpg","width":1024,"height":684},{"@type":"BreadcrumbList","@id":"https:\/\/campinglesgalets.fr\/ca\/hebergement\/8371\/#breadcrumb","itemListElement":[{"@type":"ListItem","position":1,"name":"Camping \u00e0 Argel\u00e8s-sur-Mer","item":"https:\/\/campinglesgalets.fr\/ca\/"},{"@type":"ListItem","position":2,"name":"M\u00f2bil Home","item":"https:\/\/campinglesgalets.fr\/ca\/cathebergement\/mobile-home\/"},{"@type":"ListItem","position":3,"name":"M\u00f2bil-home COSY 2 habitacions 4\/6 pers. (27m\u00b2)"}]},{"@type":"WebSite","@id":"https:\/\/campinglesgalets.fr\/ca\/#website","url":"https:\/\/campinglesgalets.fr\/ca\/","name":"Camping les galets","description":"Camping Argel\u00e8s-sur-Mer","publisher":{"@id":"https:\/\/campinglesgalets.fr\/ca\/#organization"},"potentialAction":[{"@type":"SearchAction","target":{"@type":"EntryPoint","urlTemplate":"https:\/\/campinglesgalets.fr\/ca\/?s={search_term_string}"},"query-input":{"@type":"PropertyValueSpecification","valueRequired":true,"valueName":"search_term_string"}}],"inLanguage":"ca"},{"@type":"Organization","@id":"https:\/\/campinglesgalets.fr\/ca\/#organization","name":"Camping les Galets","url":"https:\/\/campinglesgalets.fr\/ca\/","logo":{"@type":"ImageObject","inLanguage":"ca","@id":"https:\/\/campinglesgalets.fr\/ca\/#\/schema\/logo\/image\/","url":"https:\/\/campinglesgalets.fr\/wp-content\/uploads\/2025\/10\/Logo_Footer.svg","contentUrl":"https:\/\/campinglesgalets.fr\/wp-content\/uploads\/2025\/10\/Logo_Footer.svg","width":267,"height":175,"caption":"Camping les Galets"},"image":{"@id":"https:\/\/campinglesgalets.fr\/ca\/#\/schema\/logo\/image\/"}}]}},"_links":{"self":[{"href":"https:\/\/campinglesgalets.fr\/ca\/wp-json\/wp\/v2\/hebergement\/25191","targetHints":{"allow":["GET"]}}],"collection":[{"href":"https:\/\/campinglesgalets.fr\/ca\/wp-json\/wp\/v2\/hebergement"}],"about":[{"href":"https:\/\/campinglesgalets.fr\/ca\/wp-json\/wp\/v2\/types\/hebergement"}],"wp:featuredmedia":[{"embeddable":true,"href":"https:\/\/campinglesgalets.fr\/ca\/wp-json\/wp\/v2\/media\/22839"}],"wp:attachment":[{"href":"https:\/\/campinglesgalets.fr\/ca\/wp-json\/wp\/v2\/media?parent=25191"}],"wp:term":[{"taxonomy":"cathebergement","embeddable":true,"href":"https:\/\/campinglesgalets.fr\/ca\/wp-json\/wp\/v2\/cathebergement?post=25191"}],"curies":[{"name":"wp","href":"https:\/\/api.w.org\/{rel}","templated":true}]}}

Mòbil-home COSY 2 habitacions 4/6 pers. (27m²)

<p>El <strong> Mòbil-home Cosy és molt adequat per a una família de 4/6 persones. Disposa d&#8217;una habitació amb un llit doble i un llit doble i un sofà llit de 120. Un dels avantatges principals és el llit doble, que és molt ampli, un gran armari i possiblement un bressol al seu costat.</strong></p>
<p><strong>Consta:</strong></p>
<ul>
<li><strong>Una habitació amb un llit de 140 cm, una habitació amb  2 llits individuals de 80cm i un sofà llit convertible de 120 cm.</strong></li>
<li><strong>Un racó saló (amb el sofà llit)</strong></li>
<li><strong>Un bany equipat d’una dutxa i d’un lavabo. WC separat.</strong></li>
<li><strong>Una cuina equipada amb  menjador : vaixella completa per 6 persones, nevera-congelador, cafetera elèctrica, microones, televisió.</strong></li>
</ul>
<p><strong>Els llençols de protecció dels matalassos, els coixins i les mantes són fornits. La roba de llit és disponible sobre demanda amb suplement.</strong></p>
<p><strong>A l’exterior gaudireu d’una terrassa de fusta i del seu saló de jardí.</strong></p>
<p><strong>WIFI gratuïta!</strong></p>
<p><strong><u>TV en tots els allotjaments!</u></strong></p>
<p>&nbsp;</p>

<!-- This site is optimized with the Yoast SEO plugin v27.5 - https://yoast.com/product/yoast-seo-wordpress/ -->
<title>Lloguer mobil-home a Argelers al càmping Les Galets</title>
<meta name="description" content="Reserva el teu mobil-home al càmping Les Galets d’Argelers i gaudeix d’una estada còmoda i relaxant molt a prop de la platja mediterrània." />
<meta name="robots" content="index, follow, max-snippet:-1, max-image-preview:large, max-video-preview:-1" />
<link rel="canonical" href="https://campinglesgalets.fr/ca/hebergement/8371/" />
<meta property="og:locale" content="ca_ES" />
<meta property="og:type" content="article" />
<meta property="og:title" content="Lloguer mobil-home a Argelers al càmping Les Galets" />
<meta property="og:description" content="Reserva el teu mobil-home al càmping Les Galets d’Argelers i gaudeix d’una estada còmoda i relaxant molt a prop de la platja mediterrània." />
<meta property="og:url" content="https://campinglesgalets.fr/ca/hebergement/8371/" />
<meta property="og:site_name" content="Camping les galets" />
<meta property="article:modified_time" content="2025-10-22T09:07:54+00:00" />
<meta property="og:image" content="https://campinglesgalets.fr/wp-content/uploads/2023/02/mobil-home_cosy_terrasse-1024x684-1.jpg" />
<meta name="twitter:card" content="summary_large_image" />
<meta name="twitter:image" content="https://campinglesgalets.fr/wp-content/uploads/2023/02/mobil-home_cosy_terrasse-1024x684-1.jpg" />
<meta name="twitter:label1" content="Temps estimat de lectura" />
	<meta name="twitter:data1" content="4 minuts" />
<script type="application/ld+json" class="yoast-schema-graph">{"@context":"https:\/\/schema.org","@graph":[{"@type":"WebPage","@id":"https:\/\/campinglesgalets.fr\/ca\/hebergement\/8371\/","url":"https:\/\/campinglesgalets.fr\/ca\/hebergement\/8371\/","name":"Lloguer mobil-home a Argelers al càmping Les Galets","isPartOf":{"@id":"https:\/\/campinglesgalets.fr\/ca\/#website"},"primaryImageOfPage":{"@id":"https:\/\/campinglesgalets.fr\/ca\/hebergement\/8371\/#primaryimage"},"image":{"@id":"https:\/\/campinglesgalets.fr\/ca\/hebergement\/8371\/#primaryimage"},"thumbnailUrl":"https:\/\/campinglesgalets.fr\/wp-content\/uploads\/2023\/02\/mobil-home_cosy_terrasse-1024x684-1.jpg","datePublished":"2025-02-08T15:13:02+00:00","dateModified":"2025-10-22T09:07:54+00:00","description":"Reserva el teu mobil-home al càmping Les Galets d’Argelers i gaudeix d’una estada còmoda i relaxant molt a prop de la platja mediterrània.","breadcrumb":{"@id":"https:\/\/campinglesgalets.fr\/ca\/hebergement\/8371\/#breadcrumb"},"inLanguage":"ca","potentialAction":[{"@type":"ReadAction","target":["https:\/\/campinglesgalets.fr\/ca\/hebergement\/8371\/"]}]},{"@type":"ImageObject","inLanguage":"ca","@id":"https:\/\/campinglesgalets.fr\/ca\/hebergement\/8371\/#primaryimage","url":"https:\/\/campinglesgalets.fr\/wp-content\/uploads\/2023\/02\/mobil-home_cosy_terrasse-1024x684-1.jpg","contentUrl":"https:\/\/campinglesgalets.fr\/wp-content\/uploads\/2023\/02\/mobil-home_cosy_terrasse-1024x684-1.jpg","width":1024,"height":684},{"@type":"BreadcrumbList","@id":"https:\/\/campinglesgalets.fr\/ca\/hebergement\/8371\/#breadcrumb","itemListElement":[{"@type":"ListItem","position":1,"name":"Camping à Argelès-sur-Mer","item":"https:\/\/campinglesgalets.fr\/ca\/"},{"@type":"ListItem","position":2,"name":"Mòbil Home","item":"https:\/\/campinglesgalets.fr\/ca\/cathebergement\/mobile-home\/"},{"@type":"ListItem","position":3,"name":"Mòbil-home COSY 2 habitacions 4\/6 pers. (27m²)"}]},{"@type":"WebSite","@id":"https:\/\/campinglesgalets.fr\/ca\/#website","url":"https:\/\/campinglesgalets.fr\/ca\/","name":"Camping les galets","description":"Camping Argelès-sur-Mer","publisher":{"@id":"https:\/\/campinglesgalets.fr\/ca\/#organization"},"potentialAction":[{"@type":"SearchAction","target":{"@type":"EntryPoint","urlTemplate":"https:\/\/campinglesgalets.fr\/ca\/?s={search_term_string}"},"query-input":{"@type":"PropertyValueSpecification","valueRequired":true,"valueName":"search_term_string"}}],"inLanguage":"ca"},{"@type":"Organization","@id":"https:\/\/campinglesgalets.fr\/ca\/#organization","name":"Camping les Galets","url":"https:\/\/campinglesgalets.fr\/ca\/","logo":{"@type":"ImageObject","inLanguage":"ca","@id":"https:\/\/campinglesgalets.fr\/ca\/#\/schema\/logo\/image\/","url":"https:\/\/campinglesgalets.fr\/wp-content\/uploads\/2025\/10\/Logo_Footer.svg","contentUrl":"https:\/\/campinglesgalets.fr\/wp-content\/uploads\/2025\/10\/Logo_Footer.svg","width":267,"height":175,"caption":"Camping les Galets"},"image":{"@id":"https:\/\/campinglesgalets.fr\/ca\/#\/schema\/logo\/image\/"}}]}</script>
<!-- / Yoast SEO plugin. -->

Lloguer mobil-home a Argelers al càmping Les Galets

Reserva el teu mobil-home al càmping Les Galets d’Argelers i gaudeix d’una estada còmoda i relaxant molt a prop de la platja mediterrània.

Camping à Argelès-sur-Mer

Mòbil Home

Camping Argelès-sur-Mer
