{"id":25167,"date":"2023-02-08T14:30:05","date_gmt":"2023-02-08T13:30:05","guid":{"rendered":"https:\/\/campinglesgalets.fr\/hebergement\/chalet-aurore-6-pers\/"},"modified":"2025-04-03T12:14:53","modified_gmt":"2025-04-03T11:14:53","slug":"chalet-aurore-6-pers","status":"publish","type":"hebergement","link":"https:\/\/campinglesgalets.fr\/ca\/hebergement\/chalet-aurore-6-pers\/","title":{"rendered":"Xalet Aurore 6 pers."},"content":{"rendered":"<div class=\"field field-name-body field-type-text-with-summary field-label-hidden\">\n<div class=\"field-items\">\n<div class=\"field-item even\">\n<p><strong>Xalet Aurore 6 pers. (33m\u00b2+altell)<\/strong><\/p>\n<p>Els\u00a0<strong>Xalets<\/strong>\u00a0<strong><u>Aurore<\/u><\/strong>, casetes de fusta tradicional, s\u00f3n\u00a0espai\u00f3s i ideals per una fam\u00edlia fins a 4 infants.<\/p>\n<p>A\u00a0<strong>la planta baixa<\/strong>, una habitaci\u00f3 amb un llit 140 x 190 cm. Un habitaci\u00f3 de bany equipada d\u2019una dutxa, un lavabo i WC. Una cuina equipada : vaixella completa per 6\/8 persones, menjador, nevera-congelador, cafetera el\u00e8ctrica, microones. Un rac\u00f3 sal\u00f3 : televisi\u00f3 &#8230;<\/p>\n<p>En\u00a0<strong>l\u2019atell<\/strong>, 1 gran llit (120&#215;190) i 2 llits individuals (70 x 140 cm).<\/p>\n<p>Els llen\u00e7ols de protecci\u00f3 dels matalassos, els coixins i les mantes s\u00f3n fornits.<\/p>\n<p>La roba de llit \u00e9s disponible sobre demanda amb suplement.<\/p>\n<p>A \u00a0l\u2019<strong>exterior<\/strong>, terrassa de fusta mig-coberta amb el seu sal\u00f3 de jard\u00ed.<\/p>\n<p><strong>Wifi gratu\u00efta!<\/strong><\/p>\n<\/div>\n<\/div>\n<\/div>\n<p>&nbsp;<\/p>\n","protected":false},"featured_media":22859,"template":"","cathebergement":[107],"class_list":["post-25167","hebergement","type-hebergement","status-publish","has-post-thumbnail","hentry","cathebergement-chalets-ca"],"acf":[],"yoast_head":"<!-- This site is optimized with the Yoast SEO plugin v27.5 - https:\/\/yoast.com\/product\/yoast-seo-wordpress\/ -->\n<title>Lloguer xalet aurore per a 6 persones a partir de 58\u20ac<\/title>\n<meta name=\"description\" content=\"Avec chambres s\u00e9par\u00e9es et terrasse, louez un chalet en bois pour passer vos vacances \u00e0 Argeles sur mer, dans le sud de la France.\" \/>\n<meta name=\"robots\" content=\"index, follow, max-snippet:-1, max-image-preview:large, max-video-preview:-1\" \/>\n<link rel=\"canonical\" href=\"https:\/\/campinglesgalets.fr\/ca\/hebergement\/chalet-aurore-6-pers\/\" \/>\n<meta property=\"og:locale\" content=\"ca_ES\" \/>\n<meta property=\"og:type\" content=\"article\" \/>\n<meta property=\"og:title\" content=\"Lloguer xalet aurore per a 6 persones a partir de 58\u20ac\" \/>\n<meta property=\"og:description\" content=\"Avec chambres s\u00e9par\u00e9es et terrasse, louez un chalet en bois pour passer vos vacances \u00e0 Argeles sur mer, dans le sud de la France.\" \/>\n<meta property=\"og:url\" content=\"https:\/\/campinglesgalets.fr\/ca\/hebergement\/chalet-aurore-6-pers\/\" \/>\n<meta property=\"og:site_name\" content=\"Camping les galets\" \/>\n<meta property=\"article:modified_time\" content=\"2025-04-03T11:14:53+00:00\" \/>\n<meta property=\"og:image\" content=\"https:\/\/campinglesgalets.fr\/wp-content\/uploads\/2023\/02\/chalet_aurore_exterieur-1024x684-1.jpg\" \/>\n<meta name=\"twitter:card\" content=\"summary_large_image\" \/>\n<meta name=\"twitter:image\" content=\"https:\/\/campinglesgalets.fr\/wp-content\/uploads\/2023\/02\/chalet_aurore_exterieur-1024x684-1.jpg\" \/>\n<meta name=\"twitter:label1\" content=\"Temps estimat de lectura\" \/>\n\t<meta name=\"twitter:data1\" content=\"3 minuts\" \/>\n<script type=\"application\/ld+json\" class=\"yoast-schema-graph\">{\"@context\":\"https:\\\/\\\/schema.org\",\"@graph\":[{\"@type\":\"WebPage\",\"@id\":\"https:\\\/\\\/campinglesgalets.fr\\\/ca\\\/hebergement\\\/chalet-aurore-6-pers\\\/\",\"url\":\"https:\\\/\\\/campinglesgalets.fr\\\/ca\\\/hebergement\\\/chalet-aurore-6-pers\\\/\",\"name\":\"Lloguer xalet aurore per a 6 persones a partir de 58\u20ac\",\"isPartOf\":{\"@id\":\"https:\\\/\\\/campinglesgalets.fr\\\/ca\\\/#website\"},\"primaryImageOfPage\":{\"@id\":\"https:\\\/\\\/campinglesgalets.fr\\\/ca\\\/hebergement\\\/chalet-aurore-6-pers\\\/#primaryimage\"},\"image\":{\"@id\":\"https:\\\/\\\/campinglesgalets.fr\\\/ca\\\/hebergement\\\/chalet-aurore-6-pers\\\/#primaryimage\"},\"thumbnailUrl\":\"https:\\\/\\\/campinglesgalets.fr\\\/wp-content\\\/uploads\\\/2023\\\/02\\\/chalet_aurore_exterieur-1024x684-1.jpg\",\"datePublished\":\"2023-02-08T13:30:05+00:00\",\"dateModified\":\"2025-04-03T11:14:53+00:00\",\"description\":\"Avec chambres s\u00e9par\u00e9es et terrasse, louez un chalet en bois pour passer vos vacances \u00e0 Argeles sur mer, dans le sud de la France.\",\"breadcrumb\":{\"@id\":\"https:\\\/\\\/campinglesgalets.fr\\\/ca\\\/hebergement\\\/chalet-aurore-6-pers\\\/#breadcrumb\"},\"inLanguage\":\"ca\",\"potentialAction\":[{\"@type\":\"ReadAction\",\"target\":[\"https:\\\/\\\/campinglesgalets.fr\\\/ca\\\/hebergement\\\/chalet-aurore-6-pers\\\/\"]}]},{\"@type\":\"ImageObject\",\"inLanguage\":\"ca\",\"@id\":\"https:\\\/\\\/campinglesgalets.fr\\\/ca\\\/hebergement\\\/chalet-aurore-6-pers\\\/#primaryimage\",\"url\":\"https:\\\/\\\/campinglesgalets.fr\\\/wp-content\\\/uploads\\\/2023\\\/02\\\/chalet_aurore_exterieur-1024x684-1.jpg\",\"contentUrl\":\"https:\\\/\\\/campinglesgalets.fr\\\/wp-content\\\/uploads\\\/2023\\\/02\\\/chalet_aurore_exterieur-1024x684-1.jpg\",\"width\":1024,\"height\":684},{\"@type\":\"BreadcrumbList\",\"@id\":\"https:\\\/\\\/campinglesgalets.fr\\\/ca\\\/hebergement\\\/chalet-aurore-6-pers\\\/#breadcrumb\",\"itemListElement\":[{\"@type\":\"ListItem\",\"position\":1,\"name\":\"Camping \u00e0 Argel\u00e8s-sur-Mer\",\"item\":\"https:\\\/\\\/campinglesgalets.fr\\\/ca\\\/\"},{\"@type\":\"ListItem\",\"position\":2,\"name\":\"Xalets\",\"item\":\"https:\\\/\\\/campinglesgalets.fr\\\/ca\\\/cathebergement\\\/chalets-ca\\\/\"},{\"@type\":\"ListItem\",\"position\":3,\"name\":\"Xalet Aurore 6 pers.\"}]},{\"@type\":\"WebSite\",\"@id\":\"https:\\\/\\\/campinglesgalets.fr\\\/ca\\\/#website\",\"url\":\"https:\\\/\\\/campinglesgalets.fr\\\/ca\\\/\",\"name\":\"Camping les galets\",\"description\":\"Camping Argel\u00e8s-sur-Mer\",\"publisher\":{\"@id\":\"https:\\\/\\\/campinglesgalets.fr\\\/ca\\\/#organization\"},\"potentialAction\":[{\"@type\":\"SearchAction\",\"target\":{\"@type\":\"EntryPoint\",\"urlTemplate\":\"https:\\\/\\\/campinglesgalets.fr\\\/ca\\\/?s={search_term_string}\"},\"query-input\":{\"@type\":\"PropertyValueSpecification\",\"valueRequired\":true,\"valueName\":\"search_term_string\"}}],\"inLanguage\":\"ca\"},{\"@type\":\"Organization\",\"@id\":\"https:\\\/\\\/campinglesgalets.fr\\\/ca\\\/#organization\",\"name\":\"Camping les Galets\",\"url\":\"https:\\\/\\\/campinglesgalets.fr\\\/ca\\\/\",\"logo\":{\"@type\":\"ImageObject\",\"inLanguage\":\"ca\",\"@id\":\"https:\\\/\\\/campinglesgalets.fr\\\/ca\\\/#\\\/schema\\\/logo\\\/image\\\/\",\"url\":\"https:\\\/\\\/campinglesgalets.fr\\\/wp-content\\\/uploads\\\/2025\\\/10\\\/Logo_Footer.svg\",\"contentUrl\":\"https:\\\/\\\/campinglesgalets.fr\\\/wp-content\\\/uploads\\\/2025\\\/10\\\/Logo_Footer.svg\",\"width\":267,\"height\":175,\"caption\":\"Camping les Galets\"},\"image\":{\"@id\":\"https:\\\/\\\/campinglesgalets.fr\\\/ca\\\/#\\\/schema\\\/logo\\\/image\\\/\"}}]}<\/script>\n<!-- \/ Yoast SEO plugin. -->","yoast_head_json":{"title":"Lloguer xalet aurore per a 6 persones a partir de 58\u20ac","description":"Avec chambres s\u00e9par\u00e9es et terrasse, louez un chalet en bois pour passer vos vacances \u00e0 Argeles sur mer, dans le sud de la France.","robots":{"index":"index","follow":"follow","max-snippet":"max-snippet:-1","max-image-preview":"max-image-preview:large","max-video-preview":"max-video-preview:-1"},"canonical":"https:\/\/campinglesgalets.fr\/ca\/hebergement\/chalet-aurore-6-pers\/","og_locale":"ca_ES","og_type":"article","og_title":"Lloguer xalet aurore per a 6 persones a partir de 58\u20ac","og_description":"Avec chambres s\u00e9par\u00e9es et terrasse, louez un chalet en bois pour passer vos vacances \u00e0 Argeles sur mer, dans le sud de la France.","og_url":"https:\/\/campinglesgalets.fr\/ca\/hebergement\/chalet-aurore-6-pers\/","og_site_name":"Camping les galets","article_modified_time":"2025-04-03T11:14:53+00:00","og_image":[{"url":"https:\/\/campinglesgalets.fr\/wp-content\/uploads\/2023\/02\/chalet_aurore_exterieur-1024x684-1.jpg","type":"","width":"","height":""}],"twitter_card":"summary_large_image","twitter_image":"https:\/\/campinglesgalets.fr\/wp-content\/uploads\/2023\/02\/chalet_aurore_exterieur-1024x684-1.jpg","twitter_misc":{"Temps estimat de lectura":"3 minuts"},"schema":{"@context":"https:\/\/schema.org","@graph":[{"@type":"WebPage","@id":"https:\/\/campinglesgalets.fr\/ca\/hebergement\/chalet-aurore-6-pers\/","url":"https:\/\/campinglesgalets.fr\/ca\/hebergement\/chalet-aurore-6-pers\/","name":"Lloguer xalet aurore per a 6 persones a partir de 58\u20ac","isPartOf":{"@id":"https:\/\/campinglesgalets.fr\/ca\/#website"},"primaryImageOfPage":{"@id":"https:\/\/campinglesgalets.fr\/ca\/hebergement\/chalet-aurore-6-pers\/#primaryimage"},"image":{"@id":"https:\/\/campinglesgalets.fr\/ca\/hebergement\/chalet-aurore-6-pers\/#primaryimage"},"thumbnailUrl":"https:\/\/campinglesgalets.fr\/wp-content\/uploads\/2023\/02\/chalet_aurore_exterieur-1024x684-1.jpg","datePublished":"2023-02-08T13:30:05+00:00","dateModified":"2025-04-03T11:14:53+00:00","description":"Avec chambres s\u00e9par\u00e9es et terrasse, louez un chalet en bois pour passer vos vacances \u00e0 Argeles sur mer, dans le sud de la France.","breadcrumb":{"@id":"https:\/\/campinglesgalets.fr\/ca\/hebergement\/chalet-aurore-6-pers\/#breadcrumb"},"inLanguage":"ca","potentialAction":[{"@type":"ReadAction","target":["https:\/\/campinglesgalets.fr\/ca\/hebergement\/chalet-aurore-6-pers\/"]}]},{"@type":"ImageObject","inLanguage":"ca","@id":"https:\/\/campinglesgalets.fr\/ca\/hebergement\/chalet-aurore-6-pers\/#primaryimage","url":"https:\/\/campinglesgalets.fr\/wp-content\/uploads\/2023\/02\/chalet_aurore_exterieur-1024x684-1.jpg","contentUrl":"https:\/\/campinglesgalets.fr\/wp-content\/uploads\/2023\/02\/chalet_aurore_exterieur-1024x684-1.jpg","width":1024,"height":684},{"@type":"BreadcrumbList","@id":"https:\/\/campinglesgalets.fr\/ca\/hebergement\/chalet-aurore-6-pers\/#breadcrumb","itemListElement":[{"@type":"ListItem","position":1,"name":"Camping \u00e0 Argel\u00e8s-sur-Mer","item":"https:\/\/campinglesgalets.fr\/ca\/"},{"@type":"ListItem","position":2,"name":"Xalets","item":"https:\/\/campinglesgalets.fr\/ca\/cathebergement\/chalets-ca\/"},{"@type":"ListItem","position":3,"name":"Xalet Aurore 6 pers."}]},{"@type":"WebSite","@id":"https:\/\/campinglesgalets.fr\/ca\/#website","url":"https:\/\/campinglesgalets.fr\/ca\/","name":"Camping les galets","description":"Camping Argel\u00e8s-sur-Mer","publisher":{"@id":"https:\/\/campinglesgalets.fr\/ca\/#organization"},"potentialAction":[{"@type":"SearchAction","target":{"@type":"EntryPoint","urlTemplate":"https:\/\/campinglesgalets.fr\/ca\/?s={search_term_string}"},"query-input":{"@type":"PropertyValueSpecification","valueRequired":true,"valueName":"search_term_string"}}],"inLanguage":"ca"},{"@type":"Organization","@id":"https:\/\/campinglesgalets.fr\/ca\/#organization","name":"Camping les Galets","url":"https:\/\/campinglesgalets.fr\/ca\/","logo":{"@type":"ImageObject","inLanguage":"ca","@id":"https:\/\/campinglesgalets.fr\/ca\/#\/schema\/logo\/image\/","url":"https:\/\/campinglesgalets.fr\/wp-content\/uploads\/2025\/10\/Logo_Footer.svg","contentUrl":"https:\/\/campinglesgalets.fr\/wp-content\/uploads\/2025\/10\/Logo_Footer.svg","width":267,"height":175,"caption":"Camping les Galets"},"image":{"@id":"https:\/\/campinglesgalets.fr\/ca\/#\/schema\/logo\/image\/"}}]}},"_links":{"self":[{"href":"https:\/\/campinglesgalets.fr\/ca\/wp-json\/wp\/v2\/hebergement\/25167","targetHints":{"allow":["GET"]}}],"collection":[{"href":"https:\/\/campinglesgalets.fr\/ca\/wp-json\/wp\/v2\/hebergement"}],"about":[{"href":"https:\/\/campinglesgalets.fr\/ca\/wp-json\/wp\/v2\/types\/hebergement"}],"wp:featuredmedia":[{"embeddable":true,"href":"https:\/\/campinglesgalets.fr\/ca\/wp-json\/wp\/v2\/media\/22859"}],"wp:attachment":[{"href":"https:\/\/campinglesgalets.fr\/ca\/wp-json\/wp\/v2\/media?parent=25167"}],"wp:term":[{"taxonomy":"cathebergement","embeddable":true,"href":"https:\/\/campinglesgalets.fr\/ca\/wp-json\/wp\/v2\/cathebergement?post=25167"}],"curies":[{"name":"wp","href":"https:\/\/api.w.org\/{rel}","templated":true}]}}

<div class="field field-name-body field-type-text-with-summary field-label-hidden">
<div class="field-items">
<div class="field-item even">
<p><strong>Xalet Aurore 6 pers. (33m²+altell)</strong></p>
<p>Els <strong>Xalets</strong> <strong><u>Aurore</u></strong>, casetes de fusta tradicional, són espaiós i ideals per una família fins a 4 infants.</p>
<p>A <strong>la planta baixa</strong>, una habitació amb un llit 140 x 190 cm. Un habitació de bany equipada d’una dutxa, un lavabo i WC. Una cuina equipada : vaixella completa per 6/8 persones, menjador, nevera-congelador, cafetera elèctrica, microones. Un racó saló : televisió &#8230;</p>
<p>En <strong>l’atell</strong>, 1 gran llit (120&#215;190) i 2 llits individuals (70 x 140 cm).</p>
<p>Els llençols de protecció dels matalassos, els coixins i les mantes són fornits.</p>
<p>La roba de llit és disponible sobre demanda amb suplement.</p>
<p>A  l’<strong>exterior</strong>, terrassa de fusta mig-coberta amb el seu saló de jardí.</p>
<p><strong>Wifi gratuïta!</strong></p>
</div>
</div>
</div>
<p>&nbsp;</p>

<!-- This site is optimized with the Yoast SEO plugin v27.5 - https://yoast.com/product/yoast-seo-wordpress/ -->
<title>Lloguer xalet aurore per a 6 persones a partir de 58€</title>
<meta name="description" content="Avec chambres séparées et terrasse, louez un chalet en bois pour passer vos vacances à Argeles sur mer, dans le sud de la France." />
<meta name="robots" content="index, follow, max-snippet:-1, max-image-preview:large, max-video-preview:-1" />
<link rel="canonical" href="https://campinglesgalets.fr/ca/hebergement/chalet-aurore-6-pers/" />
<meta property="og:locale" content="ca_ES" />
<meta property="og:type" content="article" />
<meta property="og:title" content="Lloguer xalet aurore per a 6 persones a partir de 58€" />
<meta property="og:description" content="Avec chambres séparées et terrasse, louez un chalet en bois pour passer vos vacances à Argeles sur mer, dans le sud de la France." />
<meta property="og:url" content="https://campinglesgalets.fr/ca/hebergement/chalet-aurore-6-pers/" />
<meta property="og:site_name" content="Camping les galets" />
<meta property="article:modified_time" content="2025-04-03T11:14:53+00:00" />
<meta property="og:image" content="https://campinglesgalets.fr/wp-content/uploads/2023/02/chalet_aurore_exterieur-1024x684-1.jpg" />
<meta name="twitter:card" content="summary_large_image" />
<meta name="twitter:image" content="https://campinglesgalets.fr/wp-content/uploads/2023/02/chalet_aurore_exterieur-1024x684-1.jpg" />
<meta name="twitter:label1" content="Temps estimat de lectura" />
	<meta name="twitter:data1" content="3 minuts" />
<script type="application/ld+json" class="yoast-schema-graph">{"@context":"https:\/\/schema.org","@graph":[{"@type":"WebPage","@id":"https:\/\/campinglesgalets.fr\/ca\/hebergement\/chalet-aurore-6-pers\/","url":"https:\/\/campinglesgalets.fr\/ca\/hebergement\/chalet-aurore-6-pers\/","name":"Lloguer xalet aurore per a 6 persones a partir de 58€","isPartOf":{"@id":"https:\/\/campinglesgalets.fr\/ca\/#website"},"primaryImageOfPage":{"@id":"https:\/\/campinglesgalets.fr\/ca\/hebergement\/chalet-aurore-6-pers\/#primaryimage"},"image":{"@id":"https:\/\/campinglesgalets.fr\/ca\/hebergement\/chalet-aurore-6-pers\/#primaryimage"},"thumbnailUrl":"https:\/\/campinglesgalets.fr\/wp-content\/uploads\/2023\/02\/chalet_aurore_exterieur-1024x684-1.jpg","datePublished":"2023-02-08T13:30:05+00:00","dateModified":"2025-04-03T11:14:53+00:00","description":"Avec chambres séparées et terrasse, louez un chalet en bois pour passer vos vacances à Argeles sur mer, dans le sud de la France.","breadcrumb":{"@id":"https:\/\/campinglesgalets.fr\/ca\/hebergement\/chalet-aurore-6-pers\/#breadcrumb"},"inLanguage":"ca","potentialAction":[{"@type":"ReadAction","target":["https:\/\/campinglesgalets.fr\/ca\/hebergement\/chalet-aurore-6-pers\/"]}]},{"@type":"ImageObject","inLanguage":"ca","@id":"https:\/\/campinglesgalets.fr\/ca\/hebergement\/chalet-aurore-6-pers\/#primaryimage","url":"https:\/\/campinglesgalets.fr\/wp-content\/uploads\/2023\/02\/chalet_aurore_exterieur-1024x684-1.jpg","contentUrl":"https:\/\/campinglesgalets.fr\/wp-content\/uploads\/2023\/02\/chalet_aurore_exterieur-1024x684-1.jpg","width":1024,"height":684},{"@type":"BreadcrumbList","@id":"https:\/\/campinglesgalets.fr\/ca\/hebergement\/chalet-aurore-6-pers\/#breadcrumb","itemListElement":[{"@type":"ListItem","position":1,"name":"Camping à Argelès-sur-Mer","item":"https:\/\/campinglesgalets.fr\/ca\/"},{"@type":"ListItem","position":2,"name":"Xalets","item":"https:\/\/campinglesgalets.fr\/ca\/cathebergement\/chalets-ca\/"},{"@type":"ListItem","position":3,"name":"Xalet Aurore 6 pers."}]},{"@type":"WebSite","@id":"https:\/\/campinglesgalets.fr\/ca\/#website","url":"https:\/\/campinglesgalets.fr\/ca\/","name":"Camping les galets","description":"Camping Argelès-sur-Mer","publisher":{"@id":"https:\/\/campinglesgalets.fr\/ca\/#organization"},"potentialAction":[{"@type":"SearchAction","target":{"@type":"EntryPoint","urlTemplate":"https:\/\/campinglesgalets.fr\/ca\/?s={search_term_string}"},"query-input":{"@type":"PropertyValueSpecification","valueRequired":true,"valueName":"search_term_string"}}],"inLanguage":"ca"},{"@type":"Organization","@id":"https:\/\/campinglesgalets.fr\/ca\/#organization","name":"Camping les Galets","url":"https:\/\/campinglesgalets.fr\/ca\/","logo":{"@type":"ImageObject","inLanguage":"ca","@id":"https:\/\/campinglesgalets.fr\/ca\/#\/schema\/logo\/image\/","url":"https:\/\/campinglesgalets.fr\/wp-content\/uploads\/2025\/10\/Logo_Footer.svg","contentUrl":"https:\/\/campinglesgalets.fr\/wp-content\/uploads\/2025\/10\/Logo_Footer.svg","width":267,"height":175,"caption":"Camping les Galets"},"image":{"@id":"https:\/\/campinglesgalets.fr\/ca\/#\/schema\/logo\/image\/"}}]}</script>
<!-- / Yoast SEO plugin. -->

Avec chambres séparées et terrasse, louez un chalet en bois pour passer vos vacances à Argeles sur mer, dans le sud de la France.

Camping à Argelès-sur-Mer

Camping Argelès-sur-Mer
